[INFO] cloning repository https://github.com/kujenga/peekaboo
[INFO] running `Command { std: "git" "-c" "credential.helper=" "-c" "credential.helper=/workspace/cargo-home/bin/git-credential-null" "clone" "--bare" "https://github.com/kujenga/peekaboo" "/workspace/cache/git-repos/https%3A%2F%2Fgithub.com%2Fkujenga%2Fpeekaboo", kill_on_drop: false }`
[INFO] [stderr] Cloning into bare repository '/workspace/cache/git-repos/https%3A%2F%2Fgithub.com%2Fkujenga%2Fpeekaboo'...
[INFO] running `Command { std: "git" "rev-parse" "HEAD", kill_on_drop: false }`
[INFO] [stdout] f9d877a64e9dab0520d54e1e24b68827efc32d20
[INFO] checking kujenga/peekaboo against try#72f88fc4e9458f89516a0b8b0868f3718aec5b47 for pr-74989
[INFO] running `Command { std: "git" "clone" "/workspace/cache/git-repos/https%3A%2F%2Fgithub.com%2Fkujenga%2Fpeekaboo" "/workspace/builds/worker-10/source", kill_on_drop: false }`
[INFO] [stderr] Cloning into '/workspace/builds/worker-10/source'...
[INFO] [stderr] done.
[INFO] validating manifest of git repo https://github.com/kujenga/peekaboo on toolchain 72f88fc4e9458f89516a0b8b0868f3718aec5b47
[INFO] running `Command { std: "/workspace/cargo-home/bin/cargo" "+72f88fc4e9458f89516a0b8b0868f3718aec5b47" "read-manifest" "--manifest-path" "Cargo.toml", kill_on_drop: false }`
[INFO] started tweaking git repo https://github.com/kujenga/peekaboo
[INFO] finished tweaking git repo https://github.com/kujenga/peekaboo
[INFO] tweaked toml for git repo https://github.com/kujenga/peekaboo written to /workspace/builds/worker-10/source/Cargo.toml
[INFO] crate git repo https://github.com/kujenga/peekaboo already has a lockfile, it will not be regenerated
[INFO] running `Command { std: "/workspace/cargo-home/bin/cargo" "+72f88fc4e9458f89516a0b8b0868f3718aec5b47" "fetch" "--locked" "--manifest-path" "Cargo.toml", kill_on_drop: false }`
[INFO] [stderr] error: the lock file /workspace/builds/worker-10/source/Cargo.lock needs to be updated but --locked was passed to prevent this
[INFO] [stderr] If you want to try to generate the lock file without accessing the network, use the --offline flag.
[INFO] the lockfile is outdated, regenerating it
[INFO] running `Command { std: "/workspace/cargo-home/bin/cargo" "+72f88fc4e9458f89516a0b8b0868f3718aec5b47" "generate-lockfile" "--manifest-path" "Cargo.toml" "-Zno-index-update", kill_on_drop: false }`
[INFO] [stderr]     Blocking waiting for file lock on package cache
[INFO] running `Command { std: "/workspace/cargo-home/bin/cargo" "+72f88fc4e9458f89516a0b8b0868f3718aec5b47" "fetch" "--locked" "--manifest-path" "Cargo.toml", kill_on_drop: false }`
[INFO] [stderr]     Blocking waiting for file lock on package cache
[INFO] [stderr]  Downloading crates ...
[INFO] [stderr]   Downloaded combine v4.3.2
[INFO] [stderr]   Downloaded redis v0.17.0
[INFO] running `Command { std: "docker" "create" "-v" "/var/lib/crater-agent-workspace/builds/worker-10/target:/opt/rustwide/target:rw,Z" "-v" "/var/lib/crater-agent-workspace/builds/worker-10/source:/opt/rustwide/workdir:ro,Z" "-v" "/var/lib/crater-agent-workspace/cargo-home:/opt/rustwide/cargo-home:ro,Z" "-v" "/var/lib/crater-agent-workspace/rustup-home:/opt/rustwide/rustup-home:ro,Z" "-e" "SOURCE_DIR=/opt/rustwide/workdir" "-e" "CARGO_TARGET_DIR=/opt/rustwide/target" "-e" "CARGO_HOME=/opt/rustwide/cargo-home" "-e" "RUSTUP_HOME=/opt/rustwide/rustup-home" "-w" "/opt/rustwide/workdir" "-m" "1610612736" "--user" "0:0" "--network" "none" "rustops/crates-build-env@sha256:d92eaeed33fa75130ca1ee6c8a01d1ffb62bac859dfdfb3450e3e5d1c0146529" "/opt/rustwide/cargo-home/bin/cargo" "+72f88fc4e9458f89516a0b8b0868f3718aec5b47" "metadata" "--no-deps" "--format-version=1", kill_on_drop: false }`
[INFO] [stdout] 6f3d0513c6a1118cc2582bbeb3f685ddd8060d5b3fef244b87bf06272cf306c3
[INFO] [stderr] WARNING: Your kernel does not support swap limit capabilities or the cgroup is not mounted. Memory limited without swap.
[INFO] running `Command { std: "docker" "start" "-a" "6f3d0513c6a1118cc2582bbeb3f685ddd8060d5b3fef244b87bf06272cf306c3", kill_on_drop: false }`
[INFO] running `Command { std: "docker" "inspect" "6f3d0513c6a1118cc2582bbeb3f685ddd8060d5b3fef244b87bf06272cf306c3", kill_on_drop: false }`
[INFO] running `Command { std: "docker" "rm" "-f" "6f3d0513c6a1118cc2582bbeb3f685ddd8060d5b3fef244b87bf06272cf306c3", kill_on_drop: false }`
[INFO] [stdout] 6f3d0513c6a1118cc2582bbeb3f685ddd8060d5b3fef244b87bf06272cf306c3
[INFO] running `Command { std: "docker" "create" "-v" "/var/lib/crater-agent-workspace/builds/worker-10/target:/opt/rustwide/target:rw,Z" "-v" "/var/lib/crater-agent-workspace/builds/worker-10/source:/opt/rustwide/workdir:ro,Z" "-v" "/var/lib/crater-agent-workspace/cargo-home:/opt/rustwide/cargo-home:ro,Z" "-v" "/var/lib/crater-agent-workspace/rustup-home:/opt/rustwide/rustup-home:ro,Z" "-e" "SOURCE_DIR=/opt/rustwide/workdir" "-e" "CARGO_TARGET_DIR=/opt/rustwide/target" "-e" "CARGO_INCREMENTAL=0" "-e" "RUST_BACKTRACE=full" "-e" "RUSTFLAGS=--cap-lints=forbid" "-e" "CARGO_HOME=/opt/rustwide/cargo-home" "-e" "RUSTUP_HOME=/opt/rustwide/rustup-home" "-w" "/opt/rustwide/workdir" "-m" "1610612736" "--user" "0:0" "--network" "none" "rustops/crates-build-env@sha256:d92eaeed33fa75130ca1ee6c8a01d1ffb62bac859dfdfb3450e3e5d1c0146529" "/opt/rustwide/cargo-home/bin/cargo" "+72f88fc4e9458f89516a0b8b0868f3718aec5b47" "check" "--frozen" "--all" "--all-targets" "--message-format=json", kill_on_drop: false }`
[INFO] [stdout] 6b2bd3a3ebb9aaf9aec1040ba7e6c8a247cf686b8dfeac1c8900b32cc30bad0b
[INFO] [stderr] WARNING: Your kernel does not support swap limit capabilities or the cgroup is not mounted. Memory limited without swap.
[INFO] running `Command { std: "docker" "start" "-a" "6b2bd3a3ebb9aaf9aec1040ba7e6c8a247cf686b8dfeac1c8900b32cc30bad0b", kill_on_drop: false }`
[INFO] [stderr]    Compiling autocfg v1.0.1
[INFO] [stderr]    Compiling libc v0.2.77
[INFO] [stderr]     Checking cfg-if v0.1.10
[INFO] [stderr]    Compiling log v0.4.11
[INFO] [stderr]    Compiling proc-macro2 v1.0.21
[INFO] [stderr]    Compiling unicode-xid v0.2.1
[INFO] [stderr]    Compiling byteorder v1.3.4
[INFO] [stderr]    Compiling syn v1.0.41
[INFO] [stderr]     Checking lazy_static v1.4.0
[INFO] [stderr]    Compiling memchr v2.3.3
[INFO] [stderr]     Checking matches v0.1.8
[INFO] [stderr]     Checking futures-core v0.3.5
[INFO] [stderr]     Checking pin-project-lite v0.1.7
[INFO] [stderr]    Compiling version_check v0.9.2
[INFO] [stderr]     Checking slab v0.4.2
[INFO] [stderr]     Checking futures-io v0.3.5
[INFO] [stderr]    Compiling httparse v1.3.4
[INFO] [stderr]     Checking once_cell v1.4.1
[INFO] [stderr]     Checking fastrand v1.3.5
[INFO] [stderr]     Checking safemem v0.3.3
[INFO] [stderr]    Compiling pin-project-internal v0.4.23
[INFO] [stderr]     Checking waker-fn v1.1.0
[INFO] [stderr]    Compiling ryu v1.0.5
[INFO] [stderr]     Checking parking v2.0.0
[INFO] [stderr]    Compiling rayon-core v1.8.0
[INFO] [stderr]    Compiling serde_json v1.0.57
[INFO] [stderr]     Checking itoa v0.4.6
[INFO] [stderr]    Compiling ucd-trie v0.1.3
[INFO] [stderr]     Checking futures-sink v0.3.5
[INFO] [stderr]     Checking pin-utils v0.1.0
[INFO] [stderr]     Checking bytes v0.5.6
[INFO] [stderr]    Compiling maplit v1.0.2
[INFO] [stderr]     Checking fnv v1.0.7
[INFO] [stderr]    Compiling bitflags v1.2.1
[INFO] [stderr]     Checking vec-arena v0.5.2
[INFO] [stderr]     Checking scoped-tls v1.0.0
[INFO] [stderr]     Checking parking v1.0.6
[INFO] [stderr]    Compiling proc-macro-hack v0.5.18
[INFO] [stderr]     Checking bytemuck v1.4.1
[INFO] [stderr]     Checking quick-error v2.0.0
[INFO] [stderr]     Checking rustc-serialize v0.3.24
[INFO] [stderr]     Checking unsafe-any v0.4.2
[INFO] [stderr]     Checking unicode-bidi v0.3.4
[INFO] [stderr]     Checking async-mutex v1.3.0
[INFO] [stderr]     Checking futures-task v0.3.5
[INFO] [stderr]    Compiling pest v2.1.3
[INFO] [stderr]     Checking async-channel v1.4.2
[INFO] [stderr]     Checking multitask v0.2.0
[INFO] [stderr]     Checking crc32fast v1.2.0
[INFO] [stderr]    Compiling standback v0.2.10
[INFO] [stderr]    Compiling time v0.2.19
[INFO] [stderr]    Compiling rand_chacha v0.1.1
[INFO] [stderr]    Compiling rand_pcg v0.1.2
[INFO] [stderr]     Checking typemap v0.3.3
[INFO] [stderr]    Compiling crossbeam-utils v0.7.2
[INFO] [stderr]    Compiling num-traits v0.2.12
[INFO] [stderr]    Compiling memoffset v0.5.5
[INFO] [stderr]    Compiling num-integer v0.1.43
[INFO] [stderr]    Compiling crossbeam-epoch v0.8.2
[INFO] [stderr]    Compiling num-bigint v0.3.0
[INFO] [stderr]    Compiling num-iter v0.1.41
[INFO] [stderr]    Compiling rayon v1.4.0
[INFO] [stderr]    Compiling num-rational v0.3.0
[INFO] [stderr]     Checking idna v0.1.5
[INFO] [stderr]     Checking idna v0.2.0
[INFO] [stderr]    Compiling phf_shared v0.7.24
[INFO] [stderr]     Checking futures-lite v0.1.11
[INFO] [stderr]     Checking log v0.3.9
[INFO] [stderr]     Checking kv-log-macro v1.0.7
[INFO] [stderr]     Checking plugin v0.2.6
[INFO] [stderr]     Checking base64 v0.9.3
[INFO] [stderr]     Checking deflate v0.8.6
[INFO] [stderr]     Checking tiff v0.5.0
[INFO] [stderr]    Compiling rand_os v0.1.3
[INFO] [stderr]     Checking num_cpus v1.13.0
[INFO] [stderr]     Checking net2 v0.2.35
[INFO] [stderr]     Checking time v0.1.44
[INFO] [stderr]     Checking iovec v0.1.4
[INFO] [stderr]     Checking polling v0.1.9
[INFO] [stderr]     Checking socket2 v0.3.15
[INFO] [stderr]    Compiling phf v0.7.24
[INFO] [stderr]    Compiling quote v1.0.7
[INFO] [stderr]     Checking mime v0.2.6
[INFO] [stderr]    Compiling rand v0.6.5
[INFO] [stderr]     Checking url v1.7.2
[INFO] [stderr]     Checking url v2.1.1
[INFO] [stderr]     Checking png v0.16.7
[INFO] [stderr]    Compiling pest_meta v2.1.3
[INFO] [stderr]     Checking blocking v0.5.2
[INFO] [stderr]     Checking mio v0.6.22
[INFO] [stderr]     Checking async-io v0.1.11
[INFO] [stderr]     Checking crossbeam-channel v0.4.4
[INFO] [stderr]     Checking async-executor v0.1.2
[INFO] [stderr]     Checking hyper v0.10.16
[INFO] [stderr]     Checking crossbeam-deque v0.7.3
[INFO] [stderr]     Checking async-std v1.6.3
[INFO] [stderr]     Checking mio-uds v0.6.8
[INFO] [stderr]     Checking num-complex v0.3.0
[INFO] [stderr]    Compiling phf_generator v0.7.24
[INFO] [stderr]    Compiling phf_codegen v0.7.24
[INFO] [stderr]     Checking tokio v0.2.22
[INFO] [stderr]    Compiling mime_guess v1.8.8
[INFO] [stderr]     Checking iron v0.6.1
[INFO] [stderr]     Checking tokio-util v0.3.1
[INFO] [stderr]     Checking num v0.3.0
[INFO] [stderr]     Checking persistent v0.4.0
[INFO] [stderr]     Checking router v0.6.0
[INFO] [stderr]     Checking bodyparser v0.8.0
[INFO] [stderr]     Checking urlencoded v0.6.0
[INFO] [stderr]     Checking jpeg-decoder v0.1.20
[INFO] [stderr]    Compiling pest_generator v2.1.3
[INFO] [stderr]     Checking image v0.23.9
[INFO] [stderr]    Compiling time-macros-impl v0.1.1
[INFO] [stderr]    Compiling pest_derive v2.1.0
[INFO] [stderr]    Compiling async-trait v0.1.40
[INFO] [stderr]     Checking handlebars v3.4.0
[INFO] [stderr]     Checking time-macros v0.1.0
[INFO] [stderr]     Checking pin-project v0.4.23
[INFO] [stderr]     Checking futures-util v0.3.5
[INFO] [stderr]     Checking combine v4.3.2
[INFO] [stderr]     Checking redis v0.17.0
[INFO] [stderr]     Checking peekaboo v0.1.0 (/opt/rustwide/workdir)
[INFO] [stdout] error[E0412]: cannot find type `ResponseBody` in module `response`
[INFO] [stdout]   --> src/main.rs:76:50
[INFO] [stdout]    |
[INFO] [stdout] 76 |     fn write_body(&mut self, res: &mut response::ResponseBody) -> io::Result<()> {
[INFO] [stdout]    |                                                  ^^^^^^^^^^^^ help: a struct with a similar name exists: `Response`
[INFO] [stdout]    | 
[INFO] [stdout]   ::: /opt/rustwide/cargo-home/registry/src/github.com-1ecc6299db9ec823/iron-0.6.1/src/response.rs:78:1
[INFO] [stdout]    |
[INFO] [stdout] 78 | pub struct Response {
[INFO] [stdout]    | ------------------- similarly named struct `Response` defined here
[INFO] [stdout] 
[INFO] [stdout] 
[INFO] [stdout] error[E0425]: cannot find function, tuple struct or tuple variant `ImageLuma8` in crate `image`
[INFO] [stdout]   --> src/main.rs:77:16
[INFO] [stdout]    |
[INFO] [stdout] 77 |         image::ImageLuma8(self.img.clone()).save(res, image::PNG)
[INFO] [stdout]    |                ^^^^^^^^^^ not found in `image`
[INFO] [stdout]    |
[INFO] [stdout] help: consider importing this tuple variant
[INFO] [stdout]    |
[INFO] [stdout] 11 | use image::DynamicImage::ImageLuma8;
[INFO] [stdout]    |
[INFO] [stdout] 
[INFO] [stdout] 
[INFO] [stdout] error[E0425]: cannot find value `PNG` in crate `image`
[INFO] [stdout]   --> src/main.rs:77:62
[INFO] [stdout]    |
[INFO] [stdout] 77 |         image::ImageLuma8(self.img.clone()).save(res, image::PNG)
[INFO] [stdout]    |                                                              ^^^ not found in `image`
[INFO] [stdout] 
[INFO] [stdout] 
[INFO] [stdout] error[E0412]: cannot find type `ResponseBody` in module `response`
[INFO] [stdout]   --> src/main.rs:76:50
[INFO] [stdout]    |
[INFO] [stdout] 76 |     fn write_body(&mut self, res: &mut response::ResponseBody) -> io::Result<()> {
[INFO] [stdout]    |                                                  ^^^^^^^^^^^^ help: a struct with a similar name exists: `Response`
[INFO] [stdout]    | 
[INFO] [stdout]   ::: /opt/rustwide/cargo-home/registry/src/github.com-1ecc6299db9ec823/iron-0.6.1/src/response.rs:78:1
[INFO] [stdout]    |
[INFO] [stdout] 78 | pub struct Response {
[INFO] [stdout]    | ------------------- similarly named struct `Response` defined here
[INFO] [stdout] 
[INFO] [stdout] 
[INFO] [stdout] error[E0425]: cannot find function, tuple struct or tuple variant `ImageLuma8` in crate `image`
[INFO] [stdout]   --> src/main.rs:77:16
[INFO] [stdout]    |
[INFO] [stdout] 77 |         image::ImageLuma8(self.img.clone()).save(res, image::PNG)
[INFO] [stdout]    |                ^^^^^^^^^^ not found in `image`
[INFO] [stdout]    |
[INFO] [stdout] help: consider importing this tuple variant
[INFO] [stdout]    |
[INFO] [stdout] 11 | use image::DynamicImage::ImageLuma8;
[INFO] [stdout]    |
[INFO] [stdout] 
[INFO] [stdout] 
[INFO] [stdout] error[E0425]: cannot find value `PNG` in crate `image`
[INFO] [stdout]   --> src/main.rs:77:62
[INFO] [stdout]    |
[INFO] [stdout] 77 |         image::ImageLuma8(self.img.clone()).save(res, image::PNG)
[INFO] [stdout]    |                                                              ^^^ not found in `image`
[INFO] [stdout] 
[INFO] [stdout] 
[INFO] [stdout] warning: use of deprecated macro `try`: use the `?` operator instead
[INFO] [stdout]   --> src/main.rs:35:18
[INFO] [stdout]    |
[INFO] [stdout] 35 |     let client = try!(redis::Client::open("redis://127.0.0.1/"));
[INFO] [stdout]    |                  ^^^
[INFO] [stdout]    |
[INFO] [stdout]    = note: `#[warn(deprecated)]` on by default
[INFO] [stdout] 
[INFO] [stdout] 
[INFO] [stdout] warning: use of deprecated macro `try`: use the `?` operator instead
[INFO] [stdout]   --> src/main.rs:36:15
[INFO] [stdout]    |
[INFO] [stdout] 36 |     let con = try!(client.get_connection());
[INFO] [stdout]    |               ^^^
[INFO] [stdout] 
[INFO] [stdout] 
[INFO] [stdout] warning: use of deprecated macro `try`: use the `?` operator instead
[INFO] [stdout]   --> src/main.rs:39:22
[INFO] [stdout]    |
[INFO] [stdout] 39 |         let _ : () = try!(con.set(key, cur+1));
[INFO] [stdout]    |                      ^^^
[INFO] [stdout] 
[INFO] [stdout] 
[INFO] [stdout] warning: use of deprecated macro `try`: use the `?` operator instead
[INFO] [stdout]   --> src/main.rs:35:18
[INFO] [stdout]    |
[INFO] [stdout] 35 |     let client = try!(redis::Client::open("redis://127.0.0.1/"));
[INFO] [stdout]    |                  ^^^
[INFO] [stdout]    |
[INFO] [stdout]    = note: `#[warn(deprecated)]` on by default
[INFO] [stdout] 
[INFO] [stdout] 
[INFO] [stdout] warning: use of deprecated macro `try`: use the `?` operator instead
[INFO] [stdout]   --> src/main.rs:36:15
[INFO] [stdout]    |
[INFO] [stdout] 36 |     let con = try!(client.get_connection());
[INFO] [stdout]    |               ^^^
[INFO] [stdout] 
[INFO] [stdout] 
[INFO] [stdout] warning: use of deprecated macro `try`: use the `?` operator instead
[INFO] [stdout]   --> src/main.rs:39:22
[INFO] [stdout]    |
[INFO] [stdout] 39 |         let _ : () = try!(con.set(key, cur+1));
[INFO] [stdout]    |                      ^^^
[INFO] [stdout] 
[INFO] [stdout] 
[INFO] [stdout] warning: use of deprecated function `time::precise_time_ns`: Use `OffsetDateTime::now() - OffsetDateTime::unix_epoch()` to get a `Duration` since a known epoch.
[INFO] [stdout]   --> src/main.rs:15:5
[INFO] [stdout]    |
[INFO] [stdout] 15 | use time::precise_time_ns;
[INFO] [stdout]    |     ^^^^^^^^^^^^^^^^^^^^^
[INFO] [stdout] 
[INFO] [stdout] 
[INFO] [stdout] warning: use of deprecated function `time::precise_time_ns`: Use `OffsetDateTime::now() - OffsetDateTime::unix_epoch()` to get a `Duration` since a known epoch.
[INFO] [stdout]   --> src/main.rs:51:47
[INFO] [stdout]    |
[INFO] [stdout] 51 |         req.extensions.insert::<ResponseTime>(precise_time_ns());
[INFO] [stdout]    |                                               ^^^^^^^^^^^^^^^
[INFO] [stdout] 
[INFO] [stdout] 
[INFO] [stdout] warning: use of deprecated function `time::precise_time_ns`: Use `OffsetDateTime::now() - OffsetDateTime::unix_epoch()` to get a `Duration` since a known epoch.
[INFO] [stdout]   --> src/main.rs:58:21
[INFO] [stdout]    |
[INFO] [stdout] 58 |         let delta = precise_time_ns() - *req.extensions.get::<ResponseTime>().unwrap();
[INFO] [stdout]    |                     ^^^^^^^^^^^^^^^
[INFO] [stdout] 
[INFO] [stdout] 
[INFO] [stdout] warning: use of deprecated function `time::precise_time_ns`: Use `OffsetDateTime::now() - OffsetDateTime::unix_epoch()` to get a `Duration` since a known epoch.
[INFO] [stdout]   --> src/main.rs:15:5
[INFO] [stdout]    |
[INFO] [stdout] 15 | use time::precise_time_ns;
[INFO] [stdout]    |     ^^^^^^^^^^^^^^^^^^^^^
[INFO] [stdout] 
[INFO] [stdout] 
[INFO] [stdout] warning: use of deprecated function `time::precise_time_ns`: Use `OffsetDateTime::now() - OffsetDateTime::unix_epoch()` to get a `Duration` since a known epoch.
[INFO] [stdout]   --> src/main.rs:51:47
[INFO] [stdout]    |
[INFO] [stdout] 51 |         req.extensions.insert::<ResponseTime>(precise_time_ns());
[INFO] [stdout]    |                                               ^^^^^^^^^^^^^^^
[INFO] [stdout] 
[INFO] [stdout] 
[INFO] [stdout] warning: use of deprecated function `time::precise_time_ns`: Use `OffsetDateTime::now() - OffsetDateTime::unix_epoch()` to get a `Duration` since a known epoch.
[INFO] [stdout]   --> src/main.rs:58:21
[INFO] [stdout]    |
[INFO] [stdout] 58 |         let delta = precise_time_ns() - *req.extensions.get::<ResponseTime>().unwrap();
[INFO] [stdout]    |                     ^^^^^^^^^^^^^^^
[INFO] [stdout] 
[INFO] [stdout] 
[INFO] [stdout] error[E0061]: this function takes 3 arguments but 2 arguments were supplied
[INFO] [stdout]    --> src/main.rs:227:12
[INFO] [stdout]     |
[INFO] [stdout] 227 |     router.get("/", handler);
[INFO] [stdout]     |            ^^^ ---  ------- supplied 2 arguments
[INFO] [stdout]     |            |
[INFO] [stdout]     |            expected 3 arguments
[INFO] [stdout] 
[INFO] [stdout] 
[INFO] [stdout] error[E0061]: this function takes 3 arguments but 2 arguments were supplied
[INFO] [stdout]    --> src/main.rs:228:12
[INFO] [stdout]     |
[INFO] [stdout] 228 |     router.get("/peek/:id", peek_chain);
[INFO] [stdout]     |            ^^^ -----------  ---------- supplied 2 arguments
[INFO] [stdout]     |            |
[INFO] [stdout]     |            expected 3 arguments
[INFO] [stdout] 
[INFO] [stdout] 
[INFO] [stdout] error[E0061]: this function takes 3 arguments but 2 arguments were supplied
[INFO] [stdout]    --> src/main.rs:229:12
[INFO] [stdout]     |
[INFO] [stdout] 229 |     router.get("/peek/:id/info", peek_info_handler);
[INFO] [stdout]     |            ^^^ ----------------  ----------------- supplied 2 arguments
[INFO] [stdout]     |            |
[INFO] [stdout]     |            expected 3 arguments
[INFO] [stdout] 
[INFO] [stdout] 
[INFO] [stdout] error[E0061]: this function takes 3 arguments but 2 arguments were supplied
[INFO] [stdout]    --> src/main.rs:227:12
[INFO] [stdout]     |
[INFO] [stdout] 227 |     router.get("/", handler);
[INFO] [stdout]     |            ^^^ ---  ------- supplied 2 arguments
[INFO] [stdout]     |            |
[INFO] [stdout]     |            expected 3 arguments
[INFO] [stdout] 
[INFO] [stdout] 
[INFO] [stdout] error[E0061]: this function takes 3 arguments but 2 arguments were supplied
[INFO] [stdout]    --> src/main.rs:228:12
[INFO] [stdout]     |
[INFO] [stdout] 228 |     router.get("/peek/:id", peek_chain);
[INFO] [stdout]     |            ^^^ -----------  ---------- supplied 2 arguments
[INFO] [stdout]     |            |
[INFO] [stdout]     |            expected 3 arguments
[INFO] [stdout] 
[INFO] [stdout] 
[INFO] [stdout] error[E0061]: this function takes 3 arguments but 2 arguments were supplied
[INFO] [stdout]    --> src/main.rs:229:12
[INFO] [stdout]     |
[INFO] [stdout] 229 |     router.get("/peek/:id/info", peek_info_handler);
[INFO] [stdout]     |            ^^^ ----------------  ----------------- supplied 2 arguments
[INFO] [stdout]     |            |
[INFO] [stdout]     |            expected 3 arguments
[INFO] [stdout] 
[INFO] [stdout] 
[INFO] [stdout] error[E0277]: the trait bound `rustc_serialize::json::Json: serde::ser::Serialize` is not satisfied
[INFO] [stdout]    --> src/main.rs:157:42
[INFO] [stdout]     |
[INFO] [stdout] 157 |         match handlebars.render("index", &data) {
[INFO] [stdout]     |                                          ^^^^^ the trait `serde::ser::Serialize` is not implemented for `rustc_serialize::json::Json`
[INFO] [stdout]     |
[INFO] [stdout]     = note: required because of the requirements on the impl of `serde::ser::Serialize` for `BTreeMap<std::string::String, rustc_serialize::json::Json>`
[INFO] [stdout] 
[INFO] [stdout] 
[INFO] [stdout] error[E0277]: the trait bound `rustc_serialize::json::Json: serde::ser::Serialize` is not satisfied
[INFO] [stdout]    --> src/main.rs:157:42
[INFO] [stdout]     |
[INFO] [stdout] 157 |         match handlebars.render("index", &data) {
[INFO] [stdout]     |                                          ^^^^^ the trait `serde::ser::Serialize` is not implemented for `rustc_serialize::json::Json`
[INFO] [stdout]     |
[INFO] [stdout]     = note: required because of the requirements on the impl of `serde::ser::Serialize` for `BTreeMap<std::string::String, rustc_serialize::json::Json>`
[INFO] [stdout] 
[INFO] [stdout] 
[INFO] [stdout] error[E0277]: the trait bound `Peek: serde::ser::Serialize` is not satisfied
[INFO] [stdout]    --> src/main.rs:216:41
[INFO] [stdout]     |
[INFO] [stdout] 216 |         match handlebars.render("info", &data) {
[INFO] [stdout]     |                                         ^^^^^ the trait `serde::ser::Serialize` is not implemented for `Peek`
[INFO] [stdout] 
[INFO] [stdout] 
[INFO] [stdout] error[E0277]: the trait bound `Peek: serde::ser::Serialize` is not satisfied
[INFO] [stdout]    --> src/main.rs:216:41
[INFO] [stdout]     |
[INFO] [stdout] 216 |         match handlebars.render("info", &data) {
[INFO] [stdout]     |                                         ^^^^^ the trait `serde::ser::Serialize` is not implemented for `Peek`
[INFO] [stdout] 
[INFO] [stdout] 
[INFO] [stdout] error: aborting due to 8 previous errors; 6 warnings emitted
[INFO] [stdout] 
[INFO] [stdout] 
[INFO] [stdout] Some errors have detailed explanations: E0061, E0277, E0412, E0425.
[INFO] [stdout] 
[INFO] [stdout] For more information about an error, try `rustc --explain E0061`.
[INFO] [stdout] 
[INFO] [stdout] error: aborting due to 8 previous errors; 6 warnings emitted
[INFO] [stdout] 
[INFO] [stdout] 
[INFO] [stdout] Some errors have detailed explanations: E0061, E0277, E0412, E0425.
[INFO] [stdout] 
[INFO] [stdout] For more information about an error, try `rustc --explain E0061`.
[INFO] [stdout] 
[INFO] [stderr] error: could not compile `peekaboo`.
[INFO] [stderr] 
[INFO] [stderr] To learn more, run the command again with --verbose.
[INFO] [stderr] warning: build failed, waiting for other jobs to finish...
[INFO] [stderr] error: build failed
[INFO] running `Command { std: "docker" "inspect" "6b2bd3a3ebb9aaf9aec1040ba7e6c8a247cf686b8dfeac1c8900b32cc30bad0b", kill_on_drop: false }`
[INFO] running `Command { std: "docker" "rm" "-f" "6b2bd3a3ebb9aaf9aec1040ba7e6c8a247cf686b8dfeac1c8900b32cc30bad0b", kill_on_drop: false }`
[INFO] [stdout] 6b2bd3a3ebb9aaf9aec1040ba7e6c8a247cf686b8dfeac1c8900b32cc30bad0b
